{"id":352,"date":"2025-08-13T13:14:52","date_gmt":"2025-08-13T10:14:52","guid":{"rendered":"https:\/\/meripelastus.fi\/heinola\/?page_id=352"},"modified":"2025-09-15T19:14:30","modified_gmt":"2025-09-15T16:14:30","slug":"nuorisotoiminta","status":"publish","type":"page","link":"https:\/\/meripelastus.fi\/heinola\/toiminta\/nuorisotoiminta\/","title":{"rendered":"Nuorisotoiminta"},"content":{"rendered":"\n<p>Heinolan J\u00e4rvipelastajat on jo pitk\u00e4n aikaa pit\u00e4neet nuoriso harjoituksia aktiivisesti. 10-15 ik\u00e4vuoden haarukalla j\u00e4rjest\u00e4mme joka toinen viikko harjoituksia joissa k\u00e4sitell\u00e4\u00e4n merimiestaitoja, navigointia, aluksen k\u00e4sittely\u00e4, ensiaputaitoja, palon torjuntaa ja vesill\u00e4 liikkuessa j\u00e4rkev\u00e4\u00e4 oloa. Jos kiinnostaa tulla toimintaan mukaan olkaa yhteydess\u00e4 nuorisokouluttajaan tai jos n\u00e4ette meit\u00e4 vesill\u00e4 eik\u00e4 meill\u00e4 ole kiire saa tulla nyk\u00e4isem\u00e4\u00e4n hihasta!<\/p>\n\n\n\n<p>T\u00e4nne tulee my\u00f6hemmin viel\u00e4 lis\u00e4\u00e4 harjoitusten p\u00e4iv\u00e4m\u00e4\u00e4ri\u00e4.<\/p>\n\n\n\n<h2 class=\"wp-block-heading\" id=\"h-harjoitukset\">Harjoitukset<\/h2>\n\n\n\n<p>Torstaisin kahden viikon v\u00e4lein<\/p>\n\n\n\n<p>Klo 17.45-20.00<\/p>\n\n\n\n<p><\/p>\n\n\n\n<h3 class=\"wp-block-heading\" id=\"h-nuorisokouluttaja\">Nuorisokouluttaja<\/h3>\n\n\n\n<p>Veeti Sahuri<\/p>\n\n\n\n<p>Puhelin: 045 6415227<\/p>\n\n\n\n<h3 class=\"wp-block-heading\" id=\"h-nuorisovastaava\">Nuorisovastaava<\/h3>\n\n\n\n<p>Veikka Numminen<\/p>\n\n\n\n<p>Puhelin: 0440708710<\/p>\n\n\n\n<p>S\u00e4hk\u00f6posti:&nbsp;<a href=\"mailto:nuoriso.heinola@messi.meripelastus.fi\">nuoriso.heinola@messi.meripelastus.fi<\/a><\/p>\n\n\n\n<p><\/p>\n","protected":false},"excerpt":{"rendered":"<p>Heinolan J\u00e4rvipelastajat on jo pitk\u00e4n aikaa pit\u00e4neet nuoriso harjoituksia aktiivisesti. 10-15 ik\u00e4vuoden haarukalla j\u00e4rjest\u00e4mme joka toinen viikko harjoituksia joissa k\u00e4sitell\u00e4\u00e4n merimiestaitoja, navigointia, aluksen k\u00e4sittely\u00e4, ensiaputaitoja, palon torjuntaa ja vesill\u00e4 liikkuessa j\u00e4rkev\u00e4\u00e4 oloa. Jos kiinnostaa tulla toimintaan mukaan olkaa yhteydess\u00e4 nuorisokouluttajaan tai jos n\u00e4ette meit\u00e4 vesill\u00e4 eik\u00e4 meill\u00e4 ole kiire saa tulla nyk\u00e4isem\u00e4\u00e4n hihasta! T\u00e4nne tulee [&hellip;]<\/p>\n","protected":false},"author":21,"featured_media":0,"parent":20,"menu_order":0,"comment_status":"closed","ping_status":"closed","template":"","meta":{"_acf_changed":false,"inline_featured_image":false,"footnotes":""},"class_list":["post-352","page","type-page","status-publish","hentry"],"acf":[],"yoast_head":"<!-- This site is optimized with the Yoast SEO Premium plugin v27.2 (Yoast SEO v27.2) - https:\/\/yoast.com\/product\/yoast-seo-premium-wordpress\/ -->\n<title>Nuorisotoiminta - Heinolan J\u00e4rvipelastajat<\/title>\n<meta name=\"robots\" content=\"index, follow, max-snippet:-1, max-image-preview:large, max-video-preview:-1\" \/>\n<link rel=\"canonical\" href=\"https:\/\/meripelastus.fi\/heinola\/toiminta\/nuorisotoiminta\/\" \/>\n<meta property=\"og:locale\" content=\"fi_FI\" \/>\n<meta property=\"og:type\" content=\"article\" \/>\n<meta property=\"og:title\" content=\"Nuorisotoiminta\" \/>\n<meta property=\"og:description\" content=\"Heinolan J\u00e4rvipelastajat on jo pitk\u00e4n aikaa pit\u00e4neet nuoriso harjoituksia aktiivisesti. 10-15 ik\u00e4vuoden haarukalla j\u00e4rjest\u00e4mme joka toinen viikko harjoituksia joissa k\u00e4sitell\u00e4\u00e4n merimiestaitoja, navigointia, aluksen k\u00e4sittely\u00e4, ensiaputaitoja, palon torjuntaa ja vesill\u00e4 liikkuessa j\u00e4rkev\u00e4\u00e4 oloa. Jos kiinnostaa tulla toimintaan mukaan olkaa yhteydess\u00e4 nuorisokouluttajaan tai jos n\u00e4ette meit\u00e4 vesill\u00e4 eik\u00e4 meill\u00e4 ole kiire saa tulla nyk\u00e4isem\u00e4\u00e4n hihasta! T\u00e4nne tulee [&hellip;]\" \/>\n<meta property=\"og:url\" content=\"https:\/\/meripelastus.fi\/heinola\/toiminta\/nuorisotoiminta\/\" \/>\n<meta property=\"og:site_name\" content=\"Heinolan J\u00e4rvipelastajat\" \/>\n<meta property=\"article:modified_time\" content=\"2025-09-15T16:14:30+00:00\" \/>\n<meta name=\"twitter:card\" content=\"summary_large_image\" \/>\n<meta name=\"twitter:label1\" content=\"Arvioitu lukuaika\" \/>\n\t<meta name=\"twitter:data1\" content=\"1 minuutti\" \/>\n<script type=\"application\/ld+json\" class=\"yoast-schema-graph\">{\"@context\":\"https:\/\/schema.org\",\"@graph\":[{\"@type\":\"WebPage\",\"@id\":\"https:\/\/meripelastus.fi\/heinola\/toiminta\/nuorisotoiminta\/\",\"url\":\"https:\/\/meripelastus.fi\/heinola\/toiminta\/nuorisotoiminta\/\",\"name\":\"Nuorisotoiminta - Heinolan J\u00e4rvipelastajat\",\"isPartOf\":{\"@id\":\"https:\/\/meripelastus.fi\/heinola\/#website\"},\"datePublished\":\"2025-08-13T10:14:52+00:00\",\"dateModified\":\"2025-09-15T16:14:30+00:00\",\"breadcrumb\":{\"@id\":\"https:\/\/meripelastus.fi\/heinola\/toiminta\/nuorisotoiminta\/#breadcrumb\"},\"inLanguage\":\"fi\",\"potentialAction\":[{\"@type\":\"ReadAction\",\"target\":[\"https:\/\/meripelastus.fi\/heinola\/toiminta\/nuorisotoiminta\/\"]}]},{\"@type\":\"BreadcrumbList\",\"@id\":\"https:\/\/meripelastus.fi\/heinola\/toiminta\/nuorisotoiminta\/#breadcrumb\",\"itemListElement\":[{\"@type\":\"ListItem\",\"position\":1,\"name\":\"Etusivu\",\"item\":\"https:\/\/meripelastus.fi\/heinola\/\"},{\"@type\":\"ListItem\",\"position\":2,\"name\":\"Toiminta\",\"item\":\"https:\/\/meripelastus.fi\/heinola\/toiminta\/\"},{\"@type\":\"ListItem\",\"position\":3,\"name\":\"Nuorisotoiminta\"}]},{\"@type\":\"WebSite\",\"@id\":\"https:\/\/meripelastus.fi\/heinola\/#website\",\"url\":\"https:\/\/meripelastus.fi\/heinola\/\",\"name\":\"Heinolan J\u00e4rvipelastajat\",\"description\":\"Uusi SMPS Yhdistykset -sivusto\",\"potentialAction\":[{\"@type\":\"SearchAction\",\"target\":{\"@type\":\"EntryPoint\",\"urlTemplate\":\"https:\/\/meripelastus.fi\/heinola\/?s={search_term_string}\"},\"query-input\":{\"@type\":\"PropertyValueSpecification\",\"valueRequired\":true,\"valueName\":\"search_term_string\"}}],\"inLanguage\":\"fi\"}]}<\/script>\n<!-- \/ Yoast SEO Premium plugin. -->","yoast_head_json":{"title":"Nuorisotoiminta - Heinolan J\u00e4rvipelastajat","robots":{"index":"index","follow":"follow","max-snippet":"max-snippet:-1","max-image-preview":"max-image-preview:large","max-video-preview":"max-video-preview:-1"},"canonical":"https:\/\/meripelastus.fi\/heinola\/toiminta\/nuorisotoiminta\/","og_locale":"fi_FI","og_type":"article","og_title":"Nuorisotoiminta","og_description":"Heinolan J\u00e4rvipelastajat on jo pitk\u00e4n aikaa pit\u00e4neet nuoriso harjoituksia aktiivisesti. 10-15 ik\u00e4vuoden haarukalla j\u00e4rjest\u00e4mme joka toinen viikko harjoituksia joissa k\u00e4sitell\u00e4\u00e4n merimiestaitoja, navigointia, aluksen k\u00e4sittely\u00e4, ensiaputaitoja, palon torjuntaa ja vesill\u00e4 liikkuessa j\u00e4rkev\u00e4\u00e4 oloa. Jos kiinnostaa tulla toimintaan mukaan olkaa yhteydess\u00e4 nuorisokouluttajaan tai jos n\u00e4ette meit\u00e4 vesill\u00e4 eik\u00e4 meill\u00e4 ole kiire saa tulla nyk\u00e4isem\u00e4\u00e4n hihasta! T\u00e4nne tulee [&hellip;]","og_url":"https:\/\/meripelastus.fi\/heinola\/toiminta\/nuorisotoiminta\/","og_site_name":"Heinolan J\u00e4rvipelastajat","article_modified_time":"2025-09-15T16:14:30+00:00","twitter_card":"summary_large_image","twitter_misc":{"Arvioitu lukuaika":"1 minuutti"},"schema":{"@context":"https:\/\/schema.org","@graph":[{"@type":"WebPage","@id":"https:\/\/meripelastus.fi\/heinola\/toiminta\/nuorisotoiminta\/","url":"https:\/\/meripelastus.fi\/heinola\/toiminta\/nuorisotoiminta\/","name":"Nuorisotoiminta - Heinolan J\u00e4rvipelastajat","isPartOf":{"@id":"https:\/\/meripelastus.fi\/heinola\/#website"},"datePublished":"2025-08-13T10:14:52+00:00","dateModified":"2025-09-15T16:14:30+00:00","breadcrumb":{"@id":"https:\/\/meripelastus.fi\/heinola\/toiminta\/nuorisotoiminta\/#breadcrumb"},"inLanguage":"fi","potentialAction":[{"@type":"ReadAction","target":["https:\/\/meripelastus.fi\/heinola\/toiminta\/nuorisotoiminta\/"]}]},{"@type":"BreadcrumbList","@id":"https:\/\/meripelastus.fi\/heinola\/toiminta\/nuorisotoiminta\/#breadcrumb","itemListElement":[{"@type":"ListItem","position":1,"name":"Etusivu","item":"https:\/\/meripelastus.fi\/heinola\/"},{"@type":"ListItem","position":2,"name":"Toiminta","item":"https:\/\/meripelastus.fi\/heinola\/toiminta\/"},{"@type":"ListItem","position":3,"name":"Nuorisotoiminta"}]},{"@type":"WebSite","@id":"https:\/\/meripelastus.fi\/heinola\/#website","url":"https:\/\/meripelastus.fi\/heinola\/","name":"Heinolan J\u00e4rvipelastajat","description":"Uusi SMPS Yhdistykset -sivusto","potentialAction":[{"@type":"SearchAction","target":{"@type":"EntryPoint","urlTemplate":"https:\/\/meripelastus.fi\/heinola\/?s={search_term_string}"},"query-input":{"@type":"PropertyValueSpecification","valueRequired":true,"valueName":"search_term_string"}}],"inLanguage":"fi"}]}},"_links":{"self":[{"href":"https:\/\/meripelastus.fi\/heinola\/wp-json\/wp\/v2\/pages\/352","targetHints":{"allow":["GET"]}}],"collection":[{"href":"https:\/\/meripelastus.fi\/heinola\/wp-json\/wp\/v2\/pages"}],"about":[{"href":"https:\/\/meripelastus.fi\/heinola\/wp-json\/wp\/v2\/types\/page"}],"author":[{"embeddable":true,"href":"https:\/\/meripelastus.fi\/heinola\/wp-json\/wp\/v2\/users\/21"}],"replies":[{"embeddable":true,"href":"https:\/\/meripelastus.fi\/heinola\/wp-json\/wp\/v2\/comments?post=352"}],"version-history":[{"count":5,"href":"https:\/\/meripelastus.fi\/heinola\/wp-json\/wp\/v2\/pages\/352\/revisions"}],"predecessor-version":[{"id":364,"href":"https:\/\/meripelastus.fi\/heinola\/wp-json\/wp\/v2\/pages\/352\/revisions\/364"}],"up":[{"embeddable":true,"href":"https:\/\/meripelastus.fi\/heinola\/wp-json\/wp\/v2\/pages\/20"}],"wp:attachment":[{"href":"https:\/\/meripelastus.fi\/heinola\/wp-json\/wp\/v2\/media?parent=352"}],"curies":[{"name":"wp","href":"https:\/\/api.w.org\/{rel}","templated":true}]}}