{"id":26,"date":"2018-03-19T09:19:10","date_gmt":"2018-03-19T07:19:10","guid":{"rendered":"http:\/\/basetemplate.smpsyhdistykset.16.testivedos.com\/?page_id=26"},"modified":"2025-12-18T11:10:12","modified_gmt":"2025-12-18T09:10:12","slug":"alukset","status":"publish","type":"page","link":"https:\/\/meripelastus.fi\/hameenlinna\/toiminta\/alukset\/","title":{"rendered":"Alukset"},"content":{"rendered":"<p><img loading=\"lazy\" decoding=\"async\" class=\"alignnone size-full wp-image-826\" src=\"https:\/\/meripelastus.fi\/hameenlinna\/wp-content\/uploads\/sites\/8\/2022\/07\/RKH588-1.jpg\" alt=\"\" width=\"1920\" height=\"1280\" srcset=\"https:\/\/meripelastus.fi\/hameenlinna\/wp-content\/uploads\/sites\/8\/2022\/07\/RKH588-1.jpg 1920w, https:\/\/meripelastus.fi\/hameenlinna\/wp-content\/uploads\/sites\/8\/2022\/07\/RKH588-1-300x200.jpg 300w, https:\/\/meripelastus.fi\/hameenlinna\/wp-content\/uploads\/sites\/8\/2022\/07\/RKH588-1-1024x683.jpg 1024w, https:\/\/meripelastus.fi\/hameenlinna\/wp-content\/uploads\/sites\/8\/2022\/07\/RKH588-1-768x512.jpg 768w, https:\/\/meripelastus.fi\/hameenlinna\/wp-content\/uploads\/sites\/8\/2022\/07\/RKH588-1-1536x1024.jpg 1536w\" sizes=\"auto, (max-width: 1920px) 100vw, 1920px\" \/><\/p>\n<p><strong><br \/>\nPV 244 Nihti (RKH588)<\/strong><\/p>\n<ul>\n<li>Faster, alumiinirakenteinen<\/li>\n<li>propulsiona vesisuihkutekniikka<\/li>\n<li>pituus 9,2 metri\u00e4<\/li>\n<li>leveys 2,9 metri\u00e4<\/li>\n<li>paino 4500 kiloa<\/li>\n<li>moottorina Iveco NEF 450 diesel, teho noin 450 hp<\/li>\n<li>polttoaines\u00e4ili\u00f6 280 litraa<\/li>\n<li>huippunopeus 35 solmua (n. 65 km\/h)<\/li>\n<\/ul>\n<p><img loading=\"lazy\" decoding=\"async\" class=\"alignnone wp-image-1138 size-full\" src=\"https:\/\/meripelastus.fi\/hameenlinna\/wp-content\/uploads\/sites\/8\/2025\/12\/494149466_708046108243021_1000962158304649787_n-e1766049004771.jpg\" alt=\"\" width=\"1080\" height=\"922\" srcset=\"https:\/\/meripelastus.fi\/hameenlinna\/wp-content\/uploads\/sites\/8\/2025\/12\/494149466_708046108243021_1000962158304649787_n-e1766049004771.jpg 1080w, https:\/\/meripelastus.fi\/hameenlinna\/wp-content\/uploads\/sites\/8\/2025\/12\/494149466_708046108243021_1000962158304649787_n-e1766049004771-300x256.jpg 300w, https:\/\/meripelastus.fi\/hameenlinna\/wp-content\/uploads\/sites\/8\/2025\/12\/494149466_708046108243021_1000962158304649787_n-e1766049004771-1024x874.jpg 1024w, https:\/\/meripelastus.fi\/hameenlinna\/wp-content\/uploads\/sites\/8\/2025\/12\/494149466_708046108243021_1000962158304649787_n-e1766049004771-768x656.jpg 768w\" sizes=\"auto, (max-width: 1080px) 100vw, 1080px\" \/><\/p>\n<p><strong>PV 144 Helvi Harjula (RKH5882)<\/strong><\/p>\n<ul>\n<li>Boomeranger F-650, Rib<\/li>\n<li>propulsiona vesisuihkutekniikka<\/li>\n<li>pituus 6,5 metri\u00e4<\/li>\n<li>leveys 2,4 metri\u00e4<\/li>\n<li>paino 1400 kiloa<\/li>\n<li>moottorina Hyundai Seasall R200 diesel, teho noin 200 hp<\/li>\n<li>polttoaines\u00e4ili\u00f6 xxx litraa<\/li>\n<li>huippunopeus 40 solmua (n. 75 km\/h)<\/li>\n<\/ul>\n<p><img loading=\"lazy\" decoding=\"async\" class=\"alignnone size-full wp-image-825\" src=\"https:\/\/meripelastus.fi\/hameenlinna\/wp-content\/uploads\/sites\/8\/2022\/07\/RKH5882-1.jpg\" alt=\"\" width=\"1920\" height=\"1280\" srcset=\"https:\/\/meripelastus.fi\/hameenlinna\/wp-content\/uploads\/sites\/8\/2022\/07\/RKH5882-1.jpg 1920w, https:\/\/meripelastus.fi\/hameenlinna\/wp-content\/uploads\/sites\/8\/2022\/07\/RKH5882-1-300x200.jpg 300w, https:\/\/meripelastus.fi\/hameenlinna\/wp-content\/uploads\/sites\/8\/2022\/07\/RKH5882-1-1024x683.jpg 1024w, https:\/\/meripelastus.fi\/hameenlinna\/wp-content\/uploads\/sites\/8\/2022\/07\/RKH5882-1-768x512.jpg 768w, https:\/\/meripelastus.fi\/hameenlinna\/wp-content\/uploads\/sites\/8\/2022\/07\/RKH5882-1-1536x1024.jpg 1536w\" sizes=\"auto, (max-width: 1920px) 100vw, 1920px\" \/><\/p>\n<p><strong><br \/>\nAV 14 (RKH5884)<\/strong><\/p>\n<ul>\n<li>RIB-vene, eli kovapohjainen kumivene<\/li>\n<li>pituus 4 metri\u00e4<\/li>\n<li>leveys 1,7 metri\u00e4<\/li>\n<li>paino 350 kiloa<\/li>\n<li>moottorina 40-hevosvoimainen Yamaha-per\u00e4moottori<\/li>\n<li>polttoaines\u00e4ili\u00f6 25 litraa<\/li>\n<li>huippunopeus 29 solmua (n 54 km\/h)<\/li>\n<\/ul>\n<p><img loading=\"lazy\" decoding=\"async\" class=\"alignnone size-full wp-image-824\" src=\"https:\/\/meripelastus.fi\/hameenlinna\/wp-content\/uploads\/sites\/8\/2022\/07\/RKH5883-1.jpg\" alt=\"\" width=\"1920\" height=\"1280\" srcset=\"https:\/\/meripelastus.fi\/hameenlinna\/wp-content\/uploads\/sites\/8\/2022\/07\/RKH5883-1.jpg 1920w, https:\/\/meripelastus.fi\/hameenlinna\/wp-content\/uploads\/sites\/8\/2022\/07\/RKH5883-1-300x200.jpg 300w, https:\/\/meripelastus.fi\/hameenlinna\/wp-content\/uploads\/sites\/8\/2022\/07\/RKH5883-1-1024x683.jpg 1024w, https:\/\/meripelastus.fi\/hameenlinna\/wp-content\/uploads\/sites\/8\/2022\/07\/RKH5883-1-768x512.jpg 768w, https:\/\/meripelastus.fi\/hameenlinna\/wp-content\/uploads\/sites\/8\/2022\/07\/RKH5883-1-1536x1024.jpg 1536w\" sizes=\"auto, (max-width: 1920px) 100vw, 1920px\" \/><\/p>\n<p><strong><br \/>\nAV 69 (RKH5883)<\/strong><\/p>\n<ul>\n<li>pelastusjetti SeaDoo GTI 155 SE<\/li>\n<li>runko lujitemuovia<\/li>\n<li>propulsiona vesisuihkutekniikka<\/li>\n<li>pituus 3,4 metri\u00e4<\/li>\n<li>leveys 1,2 metri\u00e4<\/li>\n<li>syv\u00e4ys 0,3 metri\u00e4<\/li>\n<li>paino 360 kiloa<\/li>\n<li>moottori 155 hevosvoimaa<\/li>\n<li>polttoaines\u00e4ili\u00f6 60 litraa<\/li>\n<li>huippunopeus 48 solmua (n 89 km\/h)<\/li>\n<\/ul>\n","protected":false},"excerpt":{"rendered":"<p>PV 244 Nihti (RKH588) Faster, alumiinirakenteinen propulsiona vesisuihkutekniikka pituus 9,2 metri\u00e4 leveys 2,9 metri\u00e4 paino 4500 kiloa moottorina Iveco NEF 450 diesel, teho noin 450 hp polttoaines\u00e4ili\u00f6 280 litraa huippunopeus 35 solmua (n. 65 km\/h) PV 144 Helvi Harjula (RKH5882) Boomeranger F-650, Rib propulsiona vesisuihkutekniikka pituus 6,5 metri\u00e4 leveys 2,4 metri\u00e4 paino 1400 kiloa moottorina [&hellip;]<\/p>\n","protected":false},"author":1,"featured_media":890,"parent":20,"menu_order":0,"comment_status":"closed","ping_status":"closed","template":"","meta":{"_acf_changed":false,"inline_featured_image":false,"footnotes":""},"class_list":["post-26","page","type-page","status-publish","has-post-thumbnail","hentry"],"acf":[],"yoast_head":"<!-- This site is optimized with the Yoast SEO Premium plugin v27.2 (Yoast SEO v27.2) - https:\/\/yoast.com\/product\/yoast-seo-premium-wordpress\/ -->\n<title>Alukset - H\u00e4meenlinnan j\u00e4rvipelastajat<\/title>\n<meta name=\"robots\" content=\"index, follow, max-snippet:-1, max-image-preview:large, max-video-preview:-1\" \/>\n<link rel=\"canonical\" href=\"https:\/\/meripelastus.fi\/hameenlinna\/toiminta\/alukset\/\" \/>\n<meta property=\"og:locale\" content=\"fi_FI\" \/>\n<meta property=\"og:type\" content=\"article\" \/>\n<meta property=\"og:title\" content=\"Alukset\" \/>\n<meta property=\"og:description\" content=\"PV 244 Nihti (RKH588) Faster, alumiinirakenteinen propulsiona vesisuihkutekniikka pituus 9,2 metri\u00e4 leveys 2,9 metri\u00e4 paino 4500 kiloa moottorina Iveco NEF 450 diesel, teho noin 450 hp polttoaines\u00e4ili\u00f6 280 litraa huippunopeus 35 solmua (n. 65 km\/h) PV 144 Helvi Harjula (RKH5882) Boomeranger F-650, Rib propulsiona vesisuihkutekniikka pituus 6,5 metri\u00e4 leveys 2,4 metri\u00e4 paino 1400 kiloa moottorina [&hellip;]\" \/>\n<meta property=\"og:url\" content=\"https:\/\/meripelastus.fi\/hameenlinna\/toiminta\/alukset\/\" \/>\n<meta property=\"og:site_name\" content=\"H\u00e4meenlinnan j\u00e4rvipelastajat\" \/>\n<meta property=\"article:modified_time\" content=\"2025-12-18T09:10:12+00:00\" \/>\n<meta property=\"og:image\" content=\"https:\/\/meripelastus.fi\/hameenlinna\/wp-content\/uploads\/sites\/8\/2022\/11\/alukset_kansikuva.jpg\" \/>\n\t<meta property=\"og:image:width\" content=\"1800\" \/>\n\t<meta property=\"og:image:height\" content=\"850\" \/>\n\t<meta property=\"og:image:type\" content=\"image\/jpeg\" \/>\n<meta name=\"twitter:card\" content=\"summary_large_image\" \/>\n<meta name=\"twitter:label1\" content=\"Arvioitu lukuaika\" \/>\n\t<meta name=\"twitter:data1\" content=\"2 minuuttia\" \/>\n<script type=\"application\/ld+json\" class=\"yoast-schema-graph\">{\"@context\":\"https:\/\/schema.org\",\"@graph\":[{\"@type\":\"WebPage\",\"@id\":\"https:\/\/meripelastus.fi\/hameenlinna\/toiminta\/alukset\/\",\"url\":\"https:\/\/meripelastus.fi\/hameenlinna\/toiminta\/alukset\/\",\"name\":\"Alukset - H\u00e4meenlinnan j\u00e4rvipelastajat\",\"isPartOf\":{\"@id\":\"https:\/\/meripelastus.fi\/hameenlinna\/#website\"},\"primaryImageOfPage\":{\"@id\":\"https:\/\/meripelastus.fi\/hameenlinna\/toiminta\/alukset\/#primaryimage\"},\"image\":{\"@id\":\"https:\/\/meripelastus.fi\/hameenlinna\/toiminta\/alukset\/#primaryimage\"},\"thumbnailUrl\":\"https:\/\/meripelastus.fi\/hameenlinna\/wp-content\/uploads\/sites\/8\/2022\/11\/alukset_kansikuva.jpg\",\"datePublished\":\"2018-03-19T07:19:10+00:00\",\"dateModified\":\"2025-12-18T09:10:12+00:00\",\"breadcrumb\":{\"@id\":\"https:\/\/meripelastus.fi\/hameenlinna\/toiminta\/alukset\/#breadcrumb\"},\"inLanguage\":\"fi\",\"potentialAction\":[{\"@type\":\"ReadAction\",\"target\":[\"https:\/\/meripelastus.fi\/hameenlinna\/toiminta\/alukset\/\"]}]},{\"@type\":\"ImageObject\",\"inLanguage\":\"fi\",\"@id\":\"https:\/\/meripelastus.fi\/hameenlinna\/toiminta\/alukset\/#primaryimage\",\"url\":\"https:\/\/meripelastus.fi\/hameenlinna\/wp-content\/uploads\/sites\/8\/2022\/11\/alukset_kansikuva.jpg\",\"contentUrl\":\"https:\/\/meripelastus.fi\/hameenlinna\/wp-content\/uploads\/sites\/8\/2022\/11\/alukset_kansikuva.jpg\",\"width\":1800,\"height\":850},{\"@type\":\"BreadcrumbList\",\"@id\":\"https:\/\/meripelastus.fi\/hameenlinna\/toiminta\/alukset\/#breadcrumb\",\"itemListElement\":[{\"@type\":\"ListItem\",\"position\":1,\"name\":\"Etusivu\",\"item\":\"https:\/\/meripelastus.fi\/hameenlinna\/\"},{\"@type\":\"ListItem\",\"position\":2,\"name\":\"Toiminta\",\"item\":\"https:\/\/meripelastus.fi\/hameenlinna\/toiminta\/\"},{\"@type\":\"ListItem\",\"position\":3,\"name\":\"Alukset\"}]},{\"@type\":\"WebSite\",\"@id\":\"https:\/\/meripelastus.fi\/hameenlinna\/#website\",\"url\":\"https:\/\/meripelastus.fi\/hameenlinna\/\",\"name\":\"H\u00e4meenlinnan j\u00e4rvipelastajat\",\"description\":\"Vapaaehtoiset apunasi vesill\u00e4\",\"potentialAction\":[{\"@type\":\"SearchAction\",\"target\":{\"@type\":\"EntryPoint\",\"urlTemplate\":\"https:\/\/meripelastus.fi\/hameenlinna\/?s={search_term_string}\"},\"query-input\":{\"@type\":\"PropertyValueSpecification\",\"valueRequired\":true,\"valueName\":\"search_term_string\"}}],\"inLanguage\":\"fi\"}]}<\/script>\n<!-- \/ Yoast SEO Premium plugin. -->","yoast_head_json":{"title":"Alukset - H\u00e4meenlinnan j\u00e4rvipelastajat","robots":{"index":"index","follow":"follow","max-snippet":"max-snippet:-1","max-image-preview":"max-image-preview:large","max-video-preview":"max-video-preview:-1"},"canonical":"https:\/\/meripelastus.fi\/hameenlinna\/toiminta\/alukset\/","og_locale":"fi_FI","og_type":"article","og_title":"Alukset","og_description":"PV 244 Nihti (RKH588) Faster, alumiinirakenteinen propulsiona vesisuihkutekniikka pituus 9,2 metri\u00e4 leveys 2,9 metri\u00e4 paino 4500 kiloa moottorina Iveco NEF 450 diesel, teho noin 450 hp polttoaines\u00e4ili\u00f6 280 litraa huippunopeus 35 solmua (n. 65 km\/h) PV 144 Helvi Harjula (RKH5882) Boomeranger F-650, Rib propulsiona vesisuihkutekniikka pituus 6,5 metri\u00e4 leveys 2,4 metri\u00e4 paino 1400 kiloa moottorina [&hellip;]","og_url":"https:\/\/meripelastus.fi\/hameenlinna\/toiminta\/alukset\/","og_site_name":"H\u00e4meenlinnan j\u00e4rvipelastajat","article_modified_time":"2025-12-18T09:10:12+00:00","og_image":[{"width":1800,"height":850,"url":"https:\/\/meripelastus.fi\/hameenlinna\/wp-content\/uploads\/sites\/8\/2022\/11\/alukset_kansikuva.jpg","type":"image\/jpeg"}],"twitter_card":"summary_large_image","twitter_misc":{"Arvioitu lukuaika":"2 minuuttia"},"schema":{"@context":"https:\/\/schema.org","@graph":[{"@type":"WebPage","@id":"https:\/\/meripelastus.fi\/hameenlinna\/toiminta\/alukset\/","url":"https:\/\/meripelastus.fi\/hameenlinna\/toiminta\/alukset\/","name":"Alukset - H\u00e4meenlinnan j\u00e4rvipelastajat","isPartOf":{"@id":"https:\/\/meripelastus.fi\/hameenlinna\/#website"},"primaryImageOfPage":{"@id":"https:\/\/meripelastus.fi\/hameenlinna\/toiminta\/alukset\/#primaryimage"},"image":{"@id":"https:\/\/meripelastus.fi\/hameenlinna\/toiminta\/alukset\/#primaryimage"},"thumbnailUrl":"https:\/\/meripelastus.fi\/hameenlinna\/wp-content\/uploads\/sites\/8\/2022\/11\/alukset_kansikuva.jpg","datePublished":"2018-03-19T07:19:10+00:00","dateModified":"2025-12-18T09:10:12+00:00","breadcrumb":{"@id":"https:\/\/meripelastus.fi\/hameenlinna\/toiminta\/alukset\/#breadcrumb"},"inLanguage":"fi","potentialAction":[{"@type":"ReadAction","target":["https:\/\/meripelastus.fi\/hameenlinna\/toiminta\/alukset\/"]}]},{"@type":"ImageObject","inLanguage":"fi","@id":"https:\/\/meripelastus.fi\/hameenlinna\/toiminta\/alukset\/#primaryimage","url":"https:\/\/meripelastus.fi\/hameenlinna\/wp-content\/uploads\/sites\/8\/2022\/11\/alukset_kansikuva.jpg","contentUrl":"https:\/\/meripelastus.fi\/hameenlinna\/wp-content\/uploads\/sites\/8\/2022\/11\/alukset_kansikuva.jpg","width":1800,"height":850},{"@type":"BreadcrumbList","@id":"https:\/\/meripelastus.fi\/hameenlinna\/toiminta\/alukset\/#breadcrumb","itemListElement":[{"@type":"ListItem","position":1,"name":"Etusivu","item":"https:\/\/meripelastus.fi\/hameenlinna\/"},{"@type":"ListItem","position":2,"name":"Toiminta","item":"https:\/\/meripelastus.fi\/hameenlinna\/toiminta\/"},{"@type":"ListItem","position":3,"name":"Alukset"}]},{"@type":"WebSite","@id":"https:\/\/meripelastus.fi\/hameenlinna\/#website","url":"https:\/\/meripelastus.fi\/hameenlinna\/","name":"H\u00e4meenlinnan j\u00e4rvipelastajat","description":"Vapaaehtoiset apunasi vesill\u00e4","potentialAction":[{"@type":"SearchAction","target":{"@type":"EntryPoint","urlTemplate":"https:\/\/meripelastus.fi\/hameenlinna\/?s={search_term_string}"},"query-input":{"@type":"PropertyValueSpecification","valueRequired":true,"valueName":"search_term_string"}}],"inLanguage":"fi"}]}},"_links":{"self":[{"href":"https:\/\/meripelastus.fi\/hameenlinna\/wp-json\/wp\/v2\/pages\/26","targetHints":{"allow":["GET"]}}],"collection":[{"href":"https:\/\/meripelastus.fi\/hameenlinna\/wp-json\/wp\/v2\/pages"}],"about":[{"href":"https:\/\/meripelastus.fi\/hameenlinna\/wp-json\/wp\/v2\/types\/page"}],"author":[{"embeddable":true,"href":"https:\/\/meripelastus.fi\/hameenlinna\/wp-json\/wp\/v2\/users\/1"}],"replies":[{"embeddable":true,"href":"https:\/\/meripelastus.fi\/hameenlinna\/wp-json\/wp\/v2\/comments?post=26"}],"version-history":[{"count":23,"href":"https:\/\/meripelastus.fi\/hameenlinna\/wp-json\/wp\/v2\/pages\/26\/revisions"}],"predecessor-version":[{"id":1143,"href":"https:\/\/meripelastus.fi\/hameenlinna\/wp-json\/wp\/v2\/pages\/26\/revisions\/1143"}],"up":[{"embeddable":true,"href":"https:\/\/meripelastus.fi\/hameenlinna\/wp-json\/wp\/v2\/pages\/20"}],"wp:featuredmedia":[{"embeddable":true,"href":"https:\/\/meripelastus.fi\/hameenlinna\/wp-json\/wp\/v2\/media\/890"}],"wp:attachment":[{"href":"https:\/\/meripelastus.fi\/hameenlinna\/wp-json\/wp\/v2\/media?parent=26"}],"curies":[{"name":"wp","href":"https:\/\/api.w.org\/{rel}","templated":true}]}}