{"id":51,"date":"2018-03-19T09:24:37","date_gmt":"2018-03-19T07:24:37","guid":{"rendered":"http:\/\/basetemplate.smpsyhdistykset.16.testivedos.com\/?page_id=51"},"modified":"2025-05-13T10:35:26","modified_gmt":"2025-05-13T07:35:26","slug":"yhteystiedot","status":"publish","type":"page","link":"https:\/\/meripelastus.fi\/ala-keitele\/yhteystiedot\/","title":{"rendered":"Yhteystiedot"},"content":{"rendered":"\n<h2 class=\"wp-block-heading\" id=\"h-suomen-meripelastusseura-ala-keiteleen-jarvipelastajat-ry\">Suomen Meripelastusseura Ala-Keiteleen J\u00e4rvipelastajat ry<\/h2>\n\n\n\n<p>Peltokatu 36<\/p>\n\n\n\n<p>c\/o Raine Viander<\/p>\n\n\n\n<p>44100 \u00c4\u00e4nekoski<\/p>\n\n\n\n<p>Puhelin:&nbsp;+358451812112<\/p>\n\n\n\n<p>S\u00e4hk\u00f6posti:&nbsp;<a href=\"mailto:ala-keitele@messi.meripelastus.fi\">ala-keitele@messi.meripelastus.fi<\/a><\/p>\n\n\n\n<h2 class=\"wp-block-heading\" id=\"h-puheenjohtaja\">Puheenjohtaja:<\/h2>\n\n\n\n<p>Raine Viander +358408496152<\/p>\n\n\n\n<h2 class=\"wp-block-heading\" id=\"h-koulutusvastaava\">Koulutusvastaava:<\/h2>\n\n\n\n<p>Niko Huhtanen: +358404100184<\/p>\n","protected":false},"excerpt":{"rendered":"<p>Suomen Meripelastusseura Ala-Keiteleen J\u00e4rvipelastajat ry Peltokatu 36 c\/o Raine Viander 44100 \u00c4\u00e4nekoski Puhelin:&nbsp;+358451812112 S\u00e4hk\u00f6posti:&nbsp;ala-keitele@messi.meripelastus.fi Puheenjohtaja: Raine Viander +358408496152 Koulutusvastaava: Niko Huhtanen: +358404100184<\/p>\n","protected":false},"author":1,"featured_media":0,"parent":0,"menu_order":4,"comment_status":"closed","ping_status":"closed","template":"","meta":{"_acf_changed":false,"inline_featured_image":false,"footnotes":""},"class_list":["post-51","page","type-page","status-publish","hentry"],"acf":[],"yoast_head":"<!-- This site is optimized with the Yoast SEO Premium plugin v27.2 (Yoast SEO v27.2) - https:\/\/yoast.com\/product\/yoast-seo-premium-wordpress\/ -->\n<title>Yhteystiedot - Ala-Keiteleen J\u00e4rvipelastajat ry<\/title>\n<meta name=\"robots\" content=\"index, follow, max-snippet:-1, max-image-preview:large, max-video-preview:-1\" \/>\n<link rel=\"canonical\" href=\"https:\/\/meripelastus.fi\/ala-keitele\/yhteystiedot\/\" \/>\n<meta property=\"og:locale\" content=\"fi_FI\" \/>\n<meta property=\"og:type\" content=\"article\" \/>\n<meta property=\"og:title\" content=\"Yhteystiedot\" \/>\n<meta property=\"og:description\" content=\"Suomen Meripelastusseura Ala-Keiteleen J\u00e4rvipelastajat ry Peltokatu 36 c\/o Raine Viander 44100 \u00c4\u00e4nekoski Puhelin:&nbsp;+358451812112 S\u00e4hk\u00f6posti:&nbsp;ala-keitele@messi.meripelastus.fi Puheenjohtaja: Raine Viander +358408496152 Koulutusvastaava: Niko Huhtanen: +358404100184\" \/>\n<meta property=\"og:url\" content=\"https:\/\/meripelastus.fi\/ala-keitele\/yhteystiedot\/\" \/>\n<meta property=\"og:site_name\" content=\"Ala-Keiteleen J\u00e4rvipelastajat ry\" \/>\n<meta property=\"article:modified_time\" content=\"2025-05-13T07:35:26+00:00\" \/>\n<meta name=\"twitter:card\" content=\"summary_large_image\" \/>\n<meta name=\"twitter:label1\" content=\"Arvioitu lukuaika\" \/>\n\t<meta name=\"twitter:data1\" content=\"1 minuutti\" \/>\n<script type=\"application\/ld+json\" class=\"yoast-schema-graph\">{\"@context\":\"https:\/\/schema.org\",\"@graph\":[{\"@type\":\"WebPage\",\"@id\":\"https:\/\/meripelastus.fi\/ala-keitele\/yhteystiedot\/\",\"url\":\"https:\/\/meripelastus.fi\/ala-keitele\/yhteystiedot\/\",\"name\":\"Yhteystiedot - Ala-Keiteleen J\u00e4rvipelastajat ry\",\"isPartOf\":{\"@id\":\"https:\/\/meripelastus.fi\/ala-keitele\/#website\"},\"datePublished\":\"2018-03-19T07:24:37+00:00\",\"dateModified\":\"2025-05-13T07:35:26+00:00\",\"breadcrumb\":{\"@id\":\"https:\/\/meripelastus.fi\/ala-keitele\/yhteystiedot\/#breadcrumb\"},\"inLanguage\":\"fi\",\"potentialAction\":[{\"@type\":\"ReadAction\",\"target\":[\"https:\/\/meripelastus.fi\/ala-keitele\/yhteystiedot\/\"]}]},{\"@type\":\"BreadcrumbList\",\"@id\":\"https:\/\/meripelastus.fi\/ala-keitele\/yhteystiedot\/#breadcrumb\",\"itemListElement\":[{\"@type\":\"ListItem\",\"position\":1,\"name\":\"Etusivu\",\"item\":\"https:\/\/meripelastus.fi\/ala-keitele\/\"},{\"@type\":\"ListItem\",\"position\":2,\"name\":\"Yhteystiedot\"}]},{\"@type\":\"WebSite\",\"@id\":\"https:\/\/meripelastus.fi\/ala-keitele\/#website\",\"url\":\"https:\/\/meripelastus.fi\/ala-keitele\/\",\"name\":\"Ala-Keiteleen J\u00e4rvipelastajat ry\",\"description\":\"Vapaaehtoiset apunasi vesill\u00e4\",\"potentialAction\":[{\"@type\":\"SearchAction\",\"target\":{\"@type\":\"EntryPoint\",\"urlTemplate\":\"https:\/\/meripelastus.fi\/ala-keitele\/?s={search_term_string}\"},\"query-input\":{\"@type\":\"PropertyValueSpecification\",\"valueRequired\":true,\"valueName\":\"search_term_string\"}}],\"inLanguage\":\"fi\"}]}<\/script>\n<!-- \/ Yoast SEO Premium plugin. -->","yoast_head_json":{"title":"Yhteystiedot - Ala-Keiteleen J\u00e4rvipelastajat ry","robots":{"index":"index","follow":"follow","max-snippet":"max-snippet:-1","max-image-preview":"max-image-preview:large","max-video-preview":"max-video-preview:-1"},"canonical":"https:\/\/meripelastus.fi\/ala-keitele\/yhteystiedot\/","og_locale":"fi_FI","og_type":"article","og_title":"Yhteystiedot","og_description":"Suomen Meripelastusseura Ala-Keiteleen J\u00e4rvipelastajat ry Peltokatu 36 c\/o Raine Viander 44100 \u00c4\u00e4nekoski Puhelin:&nbsp;+358451812112 S\u00e4hk\u00f6posti:&nbsp;ala-keitele@messi.meripelastus.fi Puheenjohtaja: Raine Viander +358408496152 Koulutusvastaava: Niko Huhtanen: +358404100184","og_url":"https:\/\/meripelastus.fi\/ala-keitele\/yhteystiedot\/","og_site_name":"Ala-Keiteleen J\u00e4rvipelastajat ry","article_modified_time":"2025-05-13T07:35:26+00:00","twitter_card":"summary_large_image","twitter_misc":{"Arvioitu lukuaika":"1 minuutti"},"schema":{"@context":"https:\/\/schema.org","@graph":[{"@type":"WebPage","@id":"https:\/\/meripelastus.fi\/ala-keitele\/yhteystiedot\/","url":"https:\/\/meripelastus.fi\/ala-keitele\/yhteystiedot\/","name":"Yhteystiedot - Ala-Keiteleen J\u00e4rvipelastajat ry","isPartOf":{"@id":"https:\/\/meripelastus.fi\/ala-keitele\/#website"},"datePublished":"2018-03-19T07:24:37+00:00","dateModified":"2025-05-13T07:35:26+00:00","breadcrumb":{"@id":"https:\/\/meripelastus.fi\/ala-keitele\/yhteystiedot\/#breadcrumb"},"inLanguage":"fi","potentialAction":[{"@type":"ReadAction","target":["https:\/\/meripelastus.fi\/ala-keitele\/yhteystiedot\/"]}]},{"@type":"BreadcrumbList","@id":"https:\/\/meripelastus.fi\/ala-keitele\/yhteystiedot\/#breadcrumb","itemListElement":[{"@type":"ListItem","position":1,"name":"Etusivu","item":"https:\/\/meripelastus.fi\/ala-keitele\/"},{"@type":"ListItem","position":2,"name":"Yhteystiedot"}]},{"@type":"WebSite","@id":"https:\/\/meripelastus.fi\/ala-keitele\/#website","url":"https:\/\/meripelastus.fi\/ala-keitele\/","name":"Ala-Keiteleen J\u00e4rvipelastajat ry","description":"Vapaaehtoiset apunasi vesill\u00e4","potentialAction":[{"@type":"SearchAction","target":{"@type":"EntryPoint","urlTemplate":"https:\/\/meripelastus.fi\/ala-keitele\/?s={search_term_string}"},"query-input":{"@type":"PropertyValueSpecification","valueRequired":true,"valueName":"search_term_string"}}],"inLanguage":"fi"}]}},"_links":{"self":[{"href":"https:\/\/meripelastus.fi\/ala-keitele\/wp-json\/wp\/v2\/pages\/51","targetHints":{"allow":["GET"]}}],"collection":[{"href":"https:\/\/meripelastus.fi\/ala-keitele\/wp-json\/wp\/v2\/pages"}],"about":[{"href":"https:\/\/meripelastus.fi\/ala-keitele\/wp-json\/wp\/v2\/types\/page"}],"author":[{"embeddable":true,"href":"https:\/\/meripelastus.fi\/ala-keitele\/wp-json\/wp\/v2\/users\/1"}],"replies":[{"embeddable":true,"href":"https:\/\/meripelastus.fi\/ala-keitele\/wp-json\/wp\/v2\/comments?post=51"}],"version-history":[{"count":8,"href":"https:\/\/meripelastus.fi\/ala-keitele\/wp-json\/wp\/v2\/pages\/51\/revisions"}],"predecessor-version":[{"id":352,"href":"https:\/\/meripelastus.fi\/ala-keitele\/wp-json\/wp\/v2\/pages\/51\/revisions\/352"}],"wp:attachment":[{"href":"https:\/\/meripelastus.fi\/ala-keitele\/wp-json\/wp\/v2\/media?parent=51"}],"curies":[{"name":"wp","href":"https:\/\/api.w.org\/{rel}","templated":true}]}}